{"version":"1.0","provider_name":"Blog","provider_url":"https:\/\/rentallorca.com\/blog\/de\/","author_name":"Axel","author_url":"https:\/\/rentallorca.com\/blog\/de\/author\/axel\/","title":"Vilafranca de Bonany: Ein Dorf mit Seele im Herzen von Mallorca - Blog","type":"rich","width":600,"height":338,"html":"<blockquote class=\"wp-embedded-content\" data-secret=\"1NXmapDaq3\"><a href=\"https:\/\/rentallorca.com\/blog\/de\/vilafranca-de-bonany\/\">Vilafranca de Bonany: Ein Dorf mit Seele im Herzen von Mallorca<\/a><\/blockquote><iframe sandbox=\"allow-scripts\" security=\"restricted\" src=\"https:\/\/rentallorca.com\/blog\/de\/vilafranca-de-bonany\/embed\/#?secret=1NXmapDaq3\" width=\"600\" height=\"338\" title=\"&#8220;Vilafranca de Bonany: Ein Dorf mit Seele im Herzen von Mallorca&#8221; &#8212; Blog\" data-secret=\"1NXmapDaq3\" frameborder=\"0\" marginwidth=\"0\" marginheight=\"0\" scrolling=\"no\" class=\"wp-embedded-content\"><\/iframe><script>\n\/*! This file is auto-generated *\/\n!function(d,l){\"use strict\";l.querySelector&&d.addEventListener&&\"undefined\"!=typeof URL&&(d.wp=d.wp||{},d.wp.receiveEmbedMessage||(d.wp.receiveEmbedMessage=function(e){var t=e.data;if((t||t.secret||t.message||t.value)&&!\/[^a-zA-Z0-9]\/.test(t.secret)){for(var s,r,n,a=l.querySelectorAll('iframe[data-secret=\"'+t.secret+'\"]'),o=l.querySelectorAll('blockquote[data-secret=\"'+t.secret+'\"]'),c=new RegExp(\"^https?:$\",\"i\"),i=0;i<o.length;i++)o[i].style.display=\"none\";for(i=0;i<a.length;i++)s=a[i],e.source===s.contentWindow&&(s.removeAttribute(\"style\"),\"height\"===t.message?(1e3<(r=parseInt(t.value,10))?r=1e3:~~r<200&&(r=200),s.height=r):\"link\"===t.message&&(r=new URL(s.getAttribute(\"src\")),n=new URL(t.value),c.test(n.protocol))&&n.host===r.host&&l.activeElement===s&&(d.top.location.href=t.value))}},d.addEventListener(\"message\",d.wp.receiveEmbedMessage,!1),l.addEventListener(\"DOMContentLoaded\",function(){for(var e,t,s=l.querySelectorAll(\"iframe.wp-embedded-content\"),r=0;r<s.length;r++)(t=(e=s[r]).getAttribute(\"data-secret\"))||(t=Math.random().toString(36).substring(2,12),e.src+=\"#?secret=\"+t,e.setAttribute(\"data-secret\",t)),e.contentWindow.postMessage({message:\"ready\",secret:t},\"*\")},!1)))}(window,document);\n\/\/# sourceURL=https:\/\/rentallorca.com\/blog\/wp-includes\/js\/wp-embed.min.js\n<\/script>\n","thumbnail_url":"https:\/\/rentallorca.com\/blog\/wp-content\/uploads\/2026\/01\/Vilafranca-de-bonany.jpg","thumbnail_width":1920,"thumbnail_height":911,"description":"Wenn Sie dachten, Mallorca ende an den Postkartenstr\u00e4nden, ist das ein schwerwiegender Fehler. Mitten im Zentrum der Insel, wo die Mandelb\u00e4ume die Landschaft in ein Gem\u00e4lde verwandeln, verbirgt sich Vilafranca de Bonany, ein Ort, an dem die Zeit langsamer vergeht, die Gespr\u00e4che l\u00e4nger dauern und jeder Platz wie aus einem mallorquinischen M\u00e4rchen wirkt. Gegr\u00fcndet im [&hellip;]"}

Wenn Sie dachten, Mallorca ende an den Postkartenstränden, ist das ein schwerwiegender Fehler. Mitten im Zentrum der Insel, wo die Mandelbäume die Landschaft in ein Gemälde verwandeln, verbirgt sich Vilafranca de Bonany, ein Ort, an dem die Zeit langsamer vergeht, die Gespräche länger dauern und jeder Platz wie aus einem mallorquinischen Märchen wirkt. Gegründet im [&hellip;]
